 factor of w and 16.
16
Let t(h) = h**3 + 9*h**2 + 6*h - 1. Let y = 2 + -10. Let g be t(y). What is the highest common factor of 3 and g?
3
Let x(m) = 6*m - 26. Let u be x(5). Calculate the highest common divisor of u and 14.
2
Let t(j) = 2*j - 4. Let x be t(6). Calculate the highest common divisor of 4 and x.
4
Suppose 0*j - 2*w - 34 = -4*j, 2*j + 3*w + 3 = 0. Suppose -i + 0 = -j. Suppose -i = -3*a + 225. What is the highest common factor of 7 and a?
7
Suppose k - 4 = 0, 0*m + 3*k = -3*m + 24. Suppose 2*q = 3*q + 7. Let u be 2/q + (-114)/(-7). Calculate the greatest common factor of u and m.
4
Let c be 0/(-2)*1/2. Suppose c*s - 5*s = -25. What is the highest common factor of s and 5?
5
Suppose 2*p - 69 = 477. Calculate the highest common divisor of p and 21.
21
Suppose 90 = 3*x - r, -3*x = -x - 4*r - 70. Suppose 2*c = -2*q - 1 - 1, 0 = c - 5*q - x. Calculate the highest common divisor of c and 6.
2
Let s = 30 - 15. Suppose -6 = f - 16. What is the greatest common factor of s and f?
5
Let b be 7/(-14) + (-2)/((-8)/242). Let w be 22 - -4*2/(-4). Calculate the highest common factor of b and w.
20
Let q be (-3)/(-1) - -7 - -1. Let b = q - 10. What is the highest common factor of b and 2?
1
Suppose -a - 3*o = -2, a - 5*o - 2 = -0. Let f be 20 + (a - 4) + -2. Calculate the greatest common factor of 4 and f.
4
Suppose 73 = -5*m - 132. Let t = m + 96. What is the greatest common factor of t and 11?
11
Suppose -2*z = -v + 21, 38 = 2*v - 0*z - 3*z. What is the highest common factor of v and 26?
13
Let n(x) = x**3 - 10*x**2 + 3*x - 10. Let w be n(10). Calculate the greatest common factor of w and 10.
10
Let c(t) = 2*t**2 - 2*t - 3. Suppose -2*z = 2*z - 28. Let n be c(z). What is the greatest common factor of n and 9?
9
Let q(m) = 2*m. Let y be q(-1). Let l be 2 + -1 + (-1 - y). Suppose 4*k = l*k + 16. What is the greatest common divisor of k and 64?
8
Suppose 0 = -g - 2 - 86. Let h be (-4)/(-20) - g/10. Let m(z) = z**3 - z**2 + z. Let n be m(2). Calculate the greatest common factor of n and h.
3
Let n = 164 - 153. What is the highest common divisor of n and 11?
11
Suppose 5*l - l + 2*y - 22 = 0, 0 = 4*y - 4. What is the highest common divisor of 10 and l?
5
Let y be 1/(-1 + 3/6). Let z be y/3 + 28/6. What is the greatest common divisor of z and 32?
4
Suppose 2*x - 14 - 18 = 0. What is the greatest common factor of x and 176?
16
Suppose 2*d + 2*x = 6*d - 56, -2*d = -5*x - 44. Let k be 376/3 + d/18. Let y(f) = -2*f. Let z be y(-7). Calculate the greatest common factor of k and z.
14
Suppose 0 = -13*b + 18*b - 20. Suppose -q + 7 + 1 = 0. What is the greatest common divisor of q and b?
4
Let d be (-7)/(14/(-4)) + 19. Suppose 0 = 2*r + r - d. What is the highest common divisor of r and 56?
7
Suppose 2*d + d - 632 = 5*r, 0 = 4*d - 2*r - 852. Let m = d - 97. What is the highest common factor of 13 and m?
13
Let s be -2 - (-72 + -1 + 3). Suppose q - 57 = 5*t - 21, 4*q - s = t. Calculate the greatest common factor of 24 and q.
8
Suppose -3*l + 4 + 2 = 0. Calculate the highest common factor of 10 and l.
2
Let c be (-12 - -8)/(-1 - 119/(-121)). What is the greatest common factor of 22 and c?
22
Let u = -7 + 6. Let h be 30 + 1 + u + 0. Suppose -4*a - 4*p + 296 = 0, 4*a - 125 = 3*p + 178. What is the highest common divisor of h and a?
15
Suppose -12 = -3*v + 3*w + 3, -4*v - 1 = 3*w. Let r(z) = z**2 - 11*z - 10. Let o be r(12). What is the greatest common factor of v and o?
2
Let q = -29 + 52. Suppose a - 5*f - 7 = 0, 2*a + 0 = f + q. Let p = 36 + -24. Calculate the highest common factor of p and a.
12
Suppose -9*r + 4*r = -35. Suppose -3*q + 3*h + 159 = 0, -5*h + 183 = q + 2*q. Calculate the greatest common factor of q and r.
7
Let o(x) = x**3 + 12*x**2 - 3*x - 6. Suppose -3*u - 45 + 9 = 0. Let d be o(u). What is the highest common divisor of d and 150?
30
Let y(h) = -h**3 - 20*h**2 + h + 29. Let l be y(-20). Suppose 26 + 67 = b - 2*d, -d = 5*b - 498. Calculate the greatest common factor of b and l.
9
Suppose 3*v = -16 + 1, 5*h - 55 = -3*v. Let l = h + -4. What is the greatest common divisor of l and 90?
10
Let k = 73 + -60. Let y be 0 + 4 + -3 + 1. Suppose -y*n - 3*n = -260. Calculate the highest common divisor of n and k.
13
Let t(i) = 3*i**2 + 5*i - 10. Let l be t(2). Suppose u + 4*u = 40. What is the highest common factor of u and l?
4
Let q be ((-12)/(-10))/((-3)/(-15)). Suppose -2*p + 64 = 2*x - 62, -2*x + 6 = 0. What is the highest common factor of p and q?
6
Let u be 194/8 - (-4)/(-16). Calculate the greatest common divisor of 6 and u.
6
Let z(a) = a**2 + 5*a + 4. Let x be z(-5). Suppose -b = -5*s - 0 - 7, 0 = x*b + 3*s - 97. What is the greatest common factor of b and 154?
22
Let d(t) = -79*t - 2. Let u be d(-1). What is the highest common factor of u and 7?
7
Let o(j) = j**2 + 4*j. Let g be o(-4). Suppose g*c = 5*c - 325. What is the greatest common divisor of 13 and c?
13
Let o = 4 - 0. Suppose -m + 0 = -p - 6, 2*m = 5*p. Calculate the greatest common factor of m and o.
2
Suppose -5*m + 6 = -94. Suppose -2*w - 3*a = -109, w - 3*a = 12 + 29. Calculate the greatest common divisor of m and w.
10
Suppose 2*f = -4*c + 6*f + 224, 0 = 4*c - 5*f - 221. Suppose 4*w = 81 + c. Calculate the highest common divisor of 14 and w.
7
Let l = 332 + -224. Calculate the greatest common divisor of 12 and l.
12
Let w(n) = 31*n**3 - 2*n**2 + 2*n - 1. Let k(m) = m + 8. Let p be k(-7). Let b be w(p). Calculate the greatest common factor of 90 and b.
30
Let v be ((-3)/(-6))/((-3)/(-30)). Suppose 0 = -4*c + v*c - 8. Suppose 0 = 3*l + 2*q - 100, 2*l - 2*q - 62 = -q. What is the highest common factor of l and c?
8
Suppose m - 4*o = 10, 0*m - 3*m - 5*o = -30. Suppose m = -0*a + a. Let v = -12 - -32. Calculate the highest common divisor of a and v.
10
Let o(y) = 2*y - 1. Let s be o(1). Let l be (4 - 2/s)/1. Suppose -36 = -0*x - 4*x + 4*p, -5*p = x - 27. Calculate the highest common factor of x and l.
2
Let v = 12 + -6. Suppose v + 14 = 4*l. Let c be (-15)/6*(1 - 3). What is the highest common divisor of c and l?
5
Let w(x) = -8*x - 4. Let q be w(-1). What is the highest common factor of q and 36?
4
Let g be 1/((-3)/(-117)) + -3. What is the greatest common factor of g and 324?
36
Suppose 0 = -5*s - 1 + 61. Let r(j) = -j**3 - 4*j**2 + 6*j. Let d be r(-6). What is the highest common divisor of d and s?
12
Let g be (-31)/(-3) - 4/(-6). Suppose g = 2*p - 2*o - 31, 4*o = -p - 4. What is the greatest common divisor of p and 4?
4
Let f(c) = c - 6. Let b be f(9). Let p(s) = -s + 6. Let t be p(b). What is the highest common factor of t and 6?
3
Let o = 202 + -139. Calculate the greatest common factor of 42 and o.
21
Let d(t) = -t**2 + 8*t + 11. Let z be d(8). Let j = 119 + -75. Calculate the highest common divisor of z and j.
11
Let o(a) = a**2 + a - 71. Let q be o(0). Let c = q + 99. What is the greatest common factor of c and 7?
7
Let z be (-20 - -21)/((-2)/(-44)). What is the greatest common divisor of 33 and z?
11
Let p be (-2)/2 - -16*1. Suppose -2*a = -3*n - 14, -p - 2 = -a - n. What is the greatest common divisor of a and 39?
13
Suppose -3*z = 2*z - 50. Let k(d) = -19*d - 66. Let y be k(-4). What is the greatest common divisor of y and z?
10
Let k = 6 - -5. Calculate the greatest common factor of 55 and k.
11
Suppose -3*h - 4*p + 0*p = -85, -h + 39 = 4*p. Let v = -12 + h. Calculate the highest common factor of v and 22.
11
Suppose -3 = -6*r + 63. What is the highest common divisor of r and 22?
11
Suppose -5*c + 452 = 3*b, c + 0*b - 96 = -2*b. Calculate the highest common factor of 8 and c.
8
Let p be (-1326)/(-42) - (-8)/(-14). What is the highest common factor of 217 and p?
31
Suppose 13*h + 432 = 1758. Calculate the greatest common divisor of h and 34.
34
Let g(t) = 2 + 17*t - 54*t - 1. Let s be g(-3). Let w = 10 + 4. What is the highest common factor of s and w?
14
Suppose 3*q - 182 = 58. Suppose 22 = o + 6. What is the greatest common factor of q and o?
16
Let z(p) = p**2 - 15*p + 21. Let g be z(14). What is the greatest common divisor of 21 and g?
7
Let f(o) be the first derivative of 5*o**2/2 - o - 2. Let v be f(1). Suppose 0 = -z + 6*z - 40. Calculate the highest common divisor of z and v.
4
Let k = 25 + 12. Suppose -4*n = -3*m - 15 - 16, -3*n + 5*m = -k. What is the highest 